. Let v be 1/((-1 - 0)*z). What is s(v)?
-2
Let u(d) = -2*d + 111 + d - 132 + 3*d. Let l be u(12). Suppose -2*q = 3*f - 7 - 6, -l*q - 5*f + 22 = 0. Let g(k) = 21*k + 1. Determine g(q).
-20
Let w be 10/((-3)/2 + 1). Let y = -26 - w. Let i(z) be the second derivative of -z**5/20 - 5*z**4/12 + 7*z**3/6 - z. Determine i(y).
-6
Let q(b) = -3*b**3 + 5*b**2 - 3*b + 2. Let o(l) = l**3 - l**2. Let j(r) = -14*r + 200. Let c be j(14). Let p(n) = c*o(n) + q(n). Determine p(2).
8
Let i(c) = -11*c + 4. Let j(a) = -54*a + 37. Let o(s) = 5*i(s) - j(s). Calculate o(-5).
-12
Let l(y) = -13*y + 4. Let d(j) = -123*j - 739. Let u be d(-6). Calculate l(u).
17
Suppose -55445*v + 55420*v + 25 = 0. Let o(f) be the second derivative of -f**4/12 + f**3/6 - f**2/2 + f. What is o(v)?
-1
Let k(c) = c**3 + 33*c**2 + 5*c + 168. Let n be k(-33). Let s(i) = 4*i**2 + 6*i - 2. What is s(n)?
52
Let k(m) = m**2 - 3*m**3 + 12 + 4 + 4*m - 17 + 0*m**2. Calculate k(-3).
77
Let s(l) = -l**2 + 45*l - 83. Let h be s(43). Let r(k) = -11*k**2 + 23*k - 1. Calculate r(h).
-31
Let f(x) = -36*x + 2 + 80*x - 45*x. Let l(n) = n**2 + 5*n - 18. Let d(q) = -6*f(q) - l(q). Give d(0).
6
Let a(q) be the third derivative of -q**6/360 - 2*q**5/15 - q**4/24 + 35*q**3/6 + 45*q**2 + 1. Let w(r) be the second derivative of a(r). Determine w(0).
-16
Suppose -88*a - 120*a + a + 621 = 0. Let j(y) = -2*y**3 - 2*y**2 - 6*y - 2. What is j(a)?
-92
Let z(u) = u + 2. Let a(l) = l**3 - 9*l**2 + 2*l + 5. Let q be a(4). Let s = 68 + q. Let n be -15*(0 - (s + (-8)/12)). Determine z(n).
7
Let t = -167 - -193. Let p(r) = 1 - 4*r**2 + t*r - 4*r**2 - 20*r + r**3 + r**2. Give p(6).
1
Let l be (10/(-20))/(7 - (-788)/(-112)). Let v(n) = -5*n + 63. Give v(l).
-7
Suppose 14 - 18 = -2*k. Let v = 4 - 2. Let h(c) = -3*c**2 + 4*c + 3*c + 4 - c**3 - 5*c - v. Calculate h(k).
-14
Let t(n) = -n**2 + 6*n - 2. Let p be 190/(-2) + (4 - 0). Let x be (2 + 4/(-7))/((-13)/p). Let c be -4 - (-38)/x - (-62)/10. What is t(c)?
-2
Suppose 1101*l - 1078*l = 161. Let n(f) = -3*f**3 + 8 + 0*f**3 + f**3 + 14*f**2. Calculate n(l).
8
Suppose 132*a = -140*a + 267*a - 125. Let m(w) = -w**2 - 21*w + 26. What is m(a)?
-74
Let v(a) = -1129 + 1138 - 40*a + 39*a. Determine v(-20).
29
Suppose -75*g + 209 = -86*g. Let b(k) = -4*k - 66. What is b(g)?
10
Let d(u) = u**2 + 50*u + 264. Suppose -7*g = 6*g + 572. Let c be d(g). Let a(y) = -y - 21. Give a(c).
-21
Let n(j) be the second derivative of -j**5/20 - 2*j**4/3 - 11*j**3/6 - 13*j**2 + 2590*j + 2. Calculate n(-7).
2
Let f(s) = -2*s**2 - 5*s - 10. Let b be f(0). Let t(d) = -d**3 - 10*d**2 - 2*d - 8. Give t(b).
12
Let s(u) = 35*u + 21. Let x(p) = 42*p + 838. Let v be x(-20). Give s(v).
-49
Let t(k) = k**3 - 2*k**2 + k. Suppose 8*s - 788 - 364 = 0. Let h = s - 142. Determine t(h).
2
Let f(p) = 188*p + 11. Let o(x) = -152*x - 9. Let n(j) = 4*f(j) + 5*o(j). Suppose 4*q = -3*c - 10, -3*c - q + 4*q = -18. What is n(c)?
-17
Suppose 0 = -6*f + 1 - 37. Let x be (10/f + 6/9)*19. Let s be 21/(-4) - x/76. Let n(q) = 2*q + 3. What is n(s)?
-7
Suppose 0 = -4*h + 44 - 12. Suppose h*t + 1 = 33. Let l(m) be the second derivative of m**4/12 - m**3 + 3*m**2 + 37*m. Determine l(t).
-2
Let y(d) = d**2 + 4*d + 1. Let v(f) = -f**2 + 3*f - 36. Let k be v(6). Suppose 2*i + 89 = 5*h, i + 2*i = -2*h - 181. Let z = i - k. What is y(z)?
-2
Let k(w) be the third derivative of 2*w - 8*w**2 + 1/24*w**4 - 3/2*w**3 + 0. What is k(11)?
2
Suppose -2*p = -5*h + 58, 21 = 2*h - 0*h - 3*p. Let f = -73 - -75. Let w(g) = -7*g**2 + 1351 - 1347 + g**3 - 12*g - 4*g**f. Give w(h).
4
Let t(m) = 4*m - 5. Suppose -2*v - 2*n = 3*n - 151, 3*n = 2*v - 143. Let j = -9 - -17. Suppose j*b = -25 + v. What is t(b)?
19
Suppose 10*z - 5 = 5. Let i(g) be the third derivative of g**7/1260 - 4*g**5/5 + 28*g**2. Let s(d) be the third derivative of i(d). Calculate s(z).
4
Let g(h) = h**3 - 7*h**2 + 3. Let x = 3 + 4. Let t be g(x). Let r(l) = 12*l**t - l + 4*l**2 - 6*l**3 - 7*l**3. What is r(2)?
6
Let l = 21141 + -21158. Let d(s) = s**3 + 17*s**2 - s + 21. What is d(l)?
38
Let q(i) be the second derivative of i**3/3 - 5*i**2/2 + 5*i + 37. Calculate q(13).
21
Let x(b) = b**2 + 7*b + 4. Let n(i) = -i**3 - 46*i**2 + 87*i - 438. Let h be n(-48). Calculate x(h).
-2
Let u(q) = q - 10. Suppose -4*g = -3*p - 41, 3*g - 4*p = p + 39. Suppose -g*v = 23 - 111. Give u(v).
1
Let h(w) = 3*w + 6. Let j(z) = 4*z**2 - 9*z - 9. Let s be j(3). Let v = -3 - s. What is h(v)?
-3
Let q(i) be the third derivative of 35*i**4/12 + 206*i**3/3 - 6*i**2 + 223*i. Calculate q(-6).
-8
Let g(b) be the first derivative of -b**4/4 + 2*b**3 - 3*b**2 - 4*b - 537. Give g(5).
-9
Let q(j) be the first derivative of j**4/4 - j**3 + j**2/2 + j + 22. Suppose 4*t - 61 = -177. Let y = -26 - t. Determine q(y).
4
Let p(h) be the first derivative of -h**4/2 - 19*h**3/3 + 15*h**2/2 + 11*h - 3353. Calculate p(-10).
-39
Let j be ((-2535)/(-6))/5*(1 + 3). Suppose 0 = 5*r + 353 - j. Let a(b) = b**2 + b - 4. Determine a(r).
2
Let m(g) = g**3 + 9*g**2 + 2*g - 8. Suppose 0*z + 2290 = -5*z. Let q = -467 - z. Calculate m(q).
-26
Let z(p) = -24*p**3 - 4*p**2 - 1. Let g(l) = 97*l**3 + 17*l**2 + 5. Let w(d) = -2*g(d) - 9*z(d). Suppose -20*v - 13*v - 33 = 0. Calculate w(v).
-21
Let c(d) = -2*d**2 - 5*d + 6. Let p be c(4). Suppose -5*u = -360 + 145. Let z = u + p. Let r(y) = y. What is r(z)?
-3
Suppose -5*x - 5 = 5*o - 35, -2*o + x = -12. Let b(q) = -23*q**2 + 139*q - 2. What is b(o)?
4
Suppose d + 45 = 42. Let y be ((-63)/(-12))/(d/(-4)). Let p(z) = -13*z + y*z - z**2 + 3 + 10*z. Calculate p(5).
-2
Let o(t) be the first derivative of -t**3 - 5*t**2/2 - 25*t - 1816. Give o(-4).
-53
Let s(w) be the third derivative of 3 + w**2 + 0*w + 1/6*w**4 + 2/3*w**3. Give s(-6).
-20
Let u = -3350 + 3362. Let v(o) = -2*o**2 + 24*o - 2. Determine v(u).
-2
Let r(n) be the first derivative of -n**3/6 - 3*n**2 + 137*n + 101. Let a(u) be the first derivative of r(u). Calculate a(-7).
1
Let q(s) = 77*s**2 + 9*s + 94. Let b(r) = -19*r**2 - 2*r - 21. Let i(l) = -9*b(l) - 2*q(l). Determine i(-1).
18
Suppose 22*a - 5 = 23*a + 2*j, 0 = a + 4*j + 7. Let z(w) = -6 - w - 1 + 10. Give z(a).
6
Let i be (524/32 + 32/(-2))/((-6)/(-8)). Let j(w) be the first derivative of i*w**2 + 20 + w. Determine j(-2).
-1
Let v(g) = -6*g**3 + g**2 - 1. Suppose -5*m + 160 = -5*r, 82 = -5*r - 2*m - 106. Let u = r - -38. Suppose 6 = 8*c - u*c. Give v(c).
-6
Let p(r) be the third derivative of -5*r**4/12 - 3*r**3 + 295*r**2 - 2. Calculate p(3).
-48
Let u(t) = 2*t - 28. Suppose 18*q - 13*q - 4*i = -3689, 2*q = i - 1475. Let p = q + 755. Determine u(p).
8
Let f = -373 + 375. Let x(h) = -277*h + 5*h**f + 139*h + 4 + 141*h - 6. Determine x(2).
24
Suppose 221*m + 103 = 766. Let i(d) be the second derivative of -1/3*d**3 + 2*d + 0 - d**2 - 1/20*d**5 + 1/4*d**4. Give i(m).
-8
Suppose y + 4*y + 5*f + 45 = 0, y + 2*f + 12 = 0. Let b(l) = -616*l - 612*l + 1846*l - 14 - 620*l. Give b(y).
-2
Let o = -31 - -43. Suppose -b + 4*b + m = o, -3 = -m. Let l(d) = -d**3 + 5*d**2 - 3*d - 2. Give l(b).
7
Suppose -5*z = -5*f - 4*z - 700, 0 = 3*z. Let i = 150 + f. Let p(r) = -r + 10. Determine p(i).
0
Let o be 75/10*7/(14/16). Let r = o - 66. Let m(j) = -j**3 - 7*j**2 - 8*j - 3. What is m(r)?
9
Let x(s) = -2*s + 3. Suppose 287 = -i + j + 302, 0 = -5*i + 3*j + 65. Calculate x(i).
-17
Let l(d) = 98*d - 335*d - 7 - 11*d**2 + 142*d + 142*d. Give l(4).
5
Let h(l) be the second derivative of -l**3/3 - 27*l**2/2 + 3*l + 7. Let a(u) = u + 1. Let n(s) = 3*a(s) + h(s). What is n(0)?
-24
Let o = 8828 - 8826. Let g(c) be the third derivative of 0 + 0*c - 38*c**o - 1/6*c**3 - 1/24*c**4. Calculate g(3).
-4
Suppose 645 + 589 + 698 = 161*h. Let u(f) = -f**2 - 11*f + 267. Calculate u(h).
-9
Let x be (1 + 7)/((741/(-38))/(-39)). Let j(g) = 2*g + 31. What is j(x)?
63
Suppose 9*y - 6*y + 6 = 0. Let d be 64/(-48) - y/(-3). Let i(x) = -3*x - 6. Let t(m) = 2*m + 5. Let v(b) = 5*i(b) + 6*t(b). Give v(d).
6
Let n(a) = -13*a + 96. Let p(s) = 12*s - 79. Let h(z) = -6*n(z) - 7*p(z). What is h(-6)?
13
Let q = 19 - 28. Suppose 4*l = 5*c + 8, 2*c + 2 = 3*l - 4. Let d(a) = 10*a**2 + 23*a + 1. Let z(n) = -3*n**2 - 8*n. Let j(m) = l*d(m) + 7*z(m). What is j(q)?
11
Let j(i) = -10 + i**2 + 3*i + 0 - 16*i + 3*i + 6. What is j(8)?
-20
Let c(j) = -